 + 46 = n*y. Calculate the highest common divisor of y and 10.
5
Let y = 10 + 8. Let k be 151/1 - y/6. Calculate the highest common divisor of k and 37.
37
Suppose u - 10 = -3*j + 2*u, -5*j - 3*u = -12. What is the greatest common factor of 27 and j?
3
Let v = -240 + 253. What is the greatest common factor of 533 and v?
13
Let f(p) = -p**3 - 13*p**2 + 12*p - 15. Let u be f(-14). Let l be (-3)/2*((-208)/12)/2. Calculate the highest common divisor of l and u.
13
Suppose 0 = 2*h - 231 - 65. Suppose -5*k - h = 22. Let x = 66 + k. Calculate the highest common factor of 4 and x.
4
Let f(i) = -i - 6. Suppose -15*u + 10*u - 15 = 0. Let n be u + (-22 + -2)/4. Let x be f(n). What is the highest common factor of 24 and x?
3
Let z(b) = -3*b + 51. Let t be z(15). What is the greatest common divisor of 10 and t?
2
Let o be 2145/110*(-4)/(-3). Calculate the greatest common factor of o and 14.
2
Suppose -4*p + 88 = 4*v, -4*p = -3*v + 21 - 123. Calculate the greatest common divisor of 40 and p.
8
Suppose 0*l + 4*l = -88. Let d = l + 30. Suppose y + 910 = d*y. What is the greatest common factor of y and 26?
26
Let o(h) = -5*h - 20. Let k be o(-10). Let t = k + -27. Calculate the highest common divisor of t and 3.
3
Let i(k) = -2*k - 16. Let t be i(-8). Suppose -b + 86 = -t*b. Suppose 3*d + 2*y = 4*y + 106, -3*d = 2*y - b. What is the greatest common divisor of 352 and d?
32
Suppose 0*p + p - 18 = 4*y, 4*p - y = 12. Suppose s = p*s - 5*m - 85, -85 = -s - 5*m. What is the greatest common factor of s and 17?
17
Suppose 5*o - 13*o + 3328 = 0. What is the greatest common factor of 32 and o?
32
Let b = -94 + 139. Calculate the highest common factor of b and 36.
9
Suppose 2*k - 99 = -k. Suppose 10*h - 6*h - 4 = 0. Let p be (h/(-3))/((-5)/45). What is the highest common divisor of p and k?
3
Suppose -5*t + s = -1250, t - s = 6*t - 1250. Suppose -t = -7*y + 2*y. Let v be (60/y)/(3/20). Calculate the greatest common divisor of v and 40.
8
Suppose 9*r = 7*r + 18. Suppose 25 = 4*c - r*c - v, -13 = -3*c + 5*v. Let b be (67 + c)*3/1. Calculate the highest common factor of b and 21.
21
Suppose 2*r = p - 1715, -2*p - 3*r + 1100 = -2316. Calculate the greatest common factor of 59 and p.
59
Suppose -7 = -4*y + 5*c - 4*c, 4*y + 5*c - 13 = 0. Suppose 2*d = d - r - 2, 0 = -5*d - y*r + 2. Calculate the greatest common divisor of 32 and d.
2
Let i be (5 + -1)/((-6)/27). Let v = 16 + i. Let z be -2 - (0 + 56)/v. What is the highest common divisor of z and 65?
13
Let n(s) = 2*s**2 - 18*s - 51. Let b be n(15). Let m = b + -115. Calculate the highest common factor of m and 2.
2
Let q(g) = -g**2 - 3*g + 7. Let b be q(7). Let k = -50 - b. What is the highest common divisor of 143 and k?
13
Let f be 1 - -209 - (-3 - 0 - 0). Calculate the greatest common divisor of f and 3.
3
Suppose c + 3*d - 10 = 0, c + 2*d + 3 - 11 = 0. Suppose 0*t + 3*t + v - 25 = 0, -5*v = c*t - 37. Calculate the greatest common divisor of 2 and t.
2
Let z(h) = -25 + 0 + h**3 + 15*h**2 + 12*h + 3. Let n be z(-14). What is the greatest common factor of n and 12?
6
Suppose 1452 = 2*x - 4*p, -3*p = -0*x + x - 731. Calculate the highest common factor of 312 and x.
104
Let m(o) be the second derivative of o**4/12 + 25*o**2/2 - 7*o. Let j be m(0). Calculate the highest common divisor of j and 50.
25
Suppose -4*x = -2*x. Suppose -2*h + 41 = i, x*i - 3*i + 57 = 3*h. Suppose -2*b + 66 = b. What is the greatest common factor of h and b?
22
Suppose -4*k = 12, -5*k - 141 = w - 4*w. Calculate the greatest common divisor of 14 and w.
14
Let v be (3 + -14)*(-12 + (3 - 1)). Calculate the highest common factor of v and 30.
10
Let a(q) = -q**3 + 9*q**2 - 8*q - 9. Let f be a(8). Let z be 14/3*(15 - f). What is the highest common divisor of 16 and z?
16
Let w = 454 - 420. Let p be ((-12)/(-10) - 2)*25. Let j = w + p. What is the greatest common divisor of j and 35?
7
Suppose -t = -9*t - 0*t. Suppose -h - 5*f + 76 = -0*f, 3*h + 5*f - 208 = t. What is the greatest common factor of h and 44?
22
Suppose 0*r - 3*r + 776 = o, 2*r = -4*o + 524. Suppose 4*s + 0*f - r = 3*f, 248 = 4*s + 2*f. Calculate the greatest common factor of s and 9.
9
Let o(f) = f**2 + 11*f - 79. Let g be o(-16). Calculate the highest common divisor of g and 80.
1
Let m(f) = 3*f + 30. Let x be m(-6). Let q(l) = l**3 - 11*l**2 - 10*l + 14. Let z be q(x). Calculate the highest common factor of 152 and z.
38
Suppose -4524 = -14*i + i. What is the greatest common factor of 96 and i?
12
Let h be 1 - (-1 - 160) - -2. Suppose -3*f - h = -7*f. Suppose -131 = -5*y - f. Calculate the greatest common divisor of y and 12.
6
Suppose 40 - 10 = 2*a. Suppose -l = a - 64. Calculate the highest common factor of 7 and l.
7
Suppose 25*b - 1261 - 114 = 0. Let a(c) = -2*c + 3. Let w be a(-4). Calculate the highest common factor of w and b.
11
Let i = 28 - 21. Let b be 22/i + (-5)/35. Calculate the highest common factor of 33 and b.
3
Let h be 3 - (-2780)/28 - (-10)/(-35). Let n be ((-2)/5)/(4/(-340)). Calculate the highest common factor of h and n.
34
Suppose q = 4*x + 34, 53 = -6*x + x - 4*q. Let i be (-392)/6 + 2/(-3). Let r be (i/x)/(3/9). Calculate the highest common divisor of 2 and r.
2
Let n(x) = -4*x + 48. Let h be n(11). Suppose 9*d = h*d + 2295. Calculate the highest common divisor of 51 and d.
51
Let r(c) = -c**3 + 5*c**2 + 2*c. Let t be r(4). Let m = -878 - -894. What is the greatest common divisor of t and m?
8
Let c be (140/8 + -2)*-2. Let h = -6 - c. Let z = -8 + h. Calculate the highest common factor of 85 and z.
17
Suppose 0 = -3*h + 2*i + 262, -3*i - 102 = -h - 17. Let q = 2 + h. What is the greatest common divisor of 36 and q?
18
Suppose -o - 3*u = -37, -2*o + 3*u - 5*u = -62. Suppose -2 = 2*z + 2, -2*q + o = 2*z. What is the highest common factor of q and 2?
2
Let r(d) = -d + 2. Let t be 2/6 + 371/21. Let h be (-228)/54 + 4/t. Let u be r(h). Calculate the highest common divisor of u and 42.
6
Let y = 3534 - 2313. What is the greatest common divisor of y and 74?
37
Let b be 35/8 + (-12)/32. Suppose 0 = 4*r - u - 90, b = 2*u - 4*u. What is the highest common factor of 11 and r?
11
Let r = -191 - -433. What is the greatest common factor of r and 88?
22
Suppose 4*h = 5*f + 180, -62 = 3*h + 3*f - 197. What is the highest common divisor of 585 and h?
45
Let u(w) = -2*w**2 + 6*w - 7. Let t be u(4). Let v be (18 + -6)*t/(-4). Calculate the greatest common factor of v and 30.
15
Let h(d) be the second derivative of 3*d**4/4 - d**3/2 + 3*d**2/2 - 7*d. Let j be h(2). What is the highest common factor of 3 and j?
3
Let i(p) = 8*p**2 + 282*p + 81. Let l be i(-35). Calculate the greatest common divisor of 1507 and l.
11
Suppose 0 = 2*d - m - 49, 5*m + 50 - 5 = 2*d. What is the greatest common divisor of 65 and d?
5
Let u be ((-20)/(-1))/(-8 - 410/(-50)). What is the greatest common factor of 170 and u?
10
Let a = 14 + -11. Suppose -5*z + 4*z - 65 = -a*y, -3*y - 4*z + 85 = 0. What is the greatest common factor of 23 and y?
23
Suppose -810*l + 823*l - 143 = 0. Suppose 4*a - 71 = 205. Suppose 2*b - a = 63. Calculate the greatest common factor of b and l.
11
Suppose -3*q = -4*v - 275, -3*v + 607 = 5*q + 197. Calculate the highest common divisor of 17 and q.
17
Let u(i) = -i - 4. Let o be u(-4). Suppose -4*f - 164 - 456 = o. Let w = f + 265. What is the highest common divisor of w and 44?
22
Let w be 3*328/6 - (9 - 9). Calculate the highest common factor of w and 41.
41
Let j(i) = 10*i**2 - i - 2. Let q(w) = w - 19. Let g be q(18). Let x be j(g). Calculate the highest common divisor of x and 36.
9
Let c(k) = -k**3 + 6*k**2 + 9*k - 11. Let d be c(7). Suppose 4*h = d*h + 11. Calculate the greatest common divisor of 33 and h.
11
Suppose 48 = 4*k - 2*s, -2*s + 4*s - 40 = -4*k. Suppose -4*q + 3*o + 434 = 0, 3*q - 408 = -2*o - 74. Calculate the greatest common factor of q and k.
11
Let n = 877 - 695. What is the greatest common factor of n and 70?
14
Let x be 2/4 - ((-6825)/26)/21. What is the greatest common divisor of x and 1?
1
Let i(v) = 3*v**3 - 63*v**2 + 16. Let n be i(21). Calculate the greatest common divisor of n and 152.
8
Suppose 5*s - 104 = 66. What is the greatest common divisor of 1 and s?
1
Let n be -1 + (88/(-7))/((-42)/147). What is the greatest common factor of n and 387?
43
Let